= -o + 16. Let j be z(11). Suppose 4*g - 16 = 84. Calculate the highest common divisor of g and j.
5
Let l = 44 - 21. Let u(d) = 84*d + 4. Let m be u(5). Suppose -3*z = -5*w - 197, -71 = 5*z + 4*w - m. What is the greatest common factor of z and l?
23
Let v = 15 + -10. Suppose -v*i - 3*c + c = -30, -i - 3*c = 7. What is the greatest common factor of 4 and i?
4
Suppose -7*a = 3 - 17. What is the highest common factor of a and 304?
2
Let m(r) = -r**3 - 6*r**2 + r + 7. Let v be m(-5). Let f = v - -26. Calculate the greatest common factor of 24 and f.
3
Suppose p = -3*p - 8. Let o be (4 - 1) + (p - 0). Let r be (-2)/(o/4*-1). Calculate the highest common divisor of 8 and r.
8
Let q = -109 - -201. Let v(x) = -2*x**2 + 23*x - 22. Let d be v(9). What is the highest common divisor of q and d?
23
Suppose 0 = -4*y - 3*b + 5, 3*b + 3 + 10 = 5*y. Suppose -y*t + 32 = -40. Let w be 1/(4 - 285/72). Calculate the greatest common factor of w and t.
12
Suppose 20*n + 7*n = 7560. Calculate the highest common factor of 200 and n.
40
Suppose 0 = 4*j - o - 29, -5*j + o = -2*o - 31. Let a = 6 - 5. Let l be 2 + (a - 2 - -19). Calculate the greatest common divisor of l and j.
4
Suppose -1110 - 6913 = -113*l. What is the greatest common factor of l and 4?
1
Let z(h) = 48*h + 2264. Let s be z(-47). Suppose 3*m + 80 = 5*m. What is the highest common divisor of m and s?
8
Let z(g) be the third derivative of g**5/30 + g**4/4 - 4*g**3/3 - 9*g**2. Let s be z(7). What is the greatest common divisor of 33 and s?
33
Suppose 4*y - 26*u - 1788 = -30*u, -2*y + 5*u + 880 = 0. Calculate the highest common divisor of y and 267.
89
Let a be 96/(-176) + -15*20/(-66). Calculate the highest common divisor of a and 12.
4
Suppose 5*x - 138 = r, -x + 38 = r + 4*r. Calculate the highest common factor of x and 16.
4
Let z = -20 + 23. Let o(i) = 7*i**2 + 5*i - 2. Let s be o(z). Calculate the greatest common divisor of s and 38.
38
Let k be 26 + (3 - 3 - 2). Suppose -25*t + 20 = -k*t. What is the greatest common divisor of t and 140?
20
Suppose -3*k - 6 = -3*w, 0*w + 4 = 5*w - 2*k. Suppose -d - 4*d - 145 = w. Let n be 5*(d/(-5) + -4). Calculate the highest common divisor of n and 9.
9
Suppose 9 - 2 = d - 3*p, -5 = 5*p. What is the highest common factor of 5 and d?
1
Let t(g) = g**3 + 7*g**2 + 3*g - 14. Let a = -5 - 1. Let c be t(a). Let v be (c/6)/((-9)/(-189)). Calculate the highest common factor of 126 and v.
14
Suppose y - 16 - 16 = -g, 0 = -5*g + y + 154. What is the highest common factor of g and 1240?
31
Let m = 6 + -11. Let x = 8 + m. Suppose -3*c = x, 5*g - 699 = g - 5*c. What is the highest common factor of 16 and g?
16
Let a(f) = -3*f + 34. Let l be a(14). Let k = l + 38. Calculate the highest common divisor of 12 and k.
6
Suppose -11*w + 4*w = -84. Let f be (-7)/(-3) - 2/6. Suppose s - w = 5*s, -246 = -3*o + f*s. Calculate the highest common divisor of 32 and o.
16
Let o be (24 - 31)/(2/(-14)). Calculate the greatest common divisor of 637 and o.
49
Suppose -5*y - 6 = 3*b, b - 3*y + 6*y + 2 = 0. Let g be (2 + 15 + -1)*(b - -4). Calculate the highest common divisor of g and 48.
16
Let u = -35 - -50. What is the greatest common factor of 255 and u?
15
Let u(d) = 99*d**2 - 1. Let o be u(-1). What is the greatest common factor of 392 and o?
98
Suppose -112 = -4*c + 80. Calculate the highest common divisor of 3 and c.
3
Suppose -u - u - 5*w + 339 = 0, 0 = 5*u + w - 813. Calculate the greatest common factor of u and 90.
18
Suppose -3*p + 0 = -9. Suppose 0 = -2*q + 10, -p*q + 7 = 2*a + 2*a. Let x be (476/(-85))/(a/5). Calculate the highest common divisor of x and 28.
14
Let i be (-9)/2 + 12/8 - -81. What is the highest common divisor of i and 48?
6
Let b = -501 - -919. Calculate the greatest common factor of 22 and b.
22
Let z be (2/((-30)/(-35)))/((-14)/(-84)). What is the greatest common divisor of z and 329?
7
Suppose -2 = -3*g + 2*g - h, -4*h + 8 = -5*g. Let y be (-3 - 0) + 47 + g. What is the greatest common divisor of 11 and y?
11
Let a(b) = 55*b + 565. Let f be a(-10). Calculate the greatest common factor of f and 24.
3
Let v be 27 + -8 - (0 - -1). Let l be 2*6/(-4)*-9. Calculate the greatest common divisor of v and l.
9
Let w(l) = 14*l - 109. Let f(k) = 5*k - 36. Let z(p) = 17*f(p) - 6*w(p). Let i be z(-14). What is the highest common factor of i and 7?
7
Let o be (36/(-30))/(1878/(-1860) - -1). What is the highest common divisor of 93 and o?
31
Let r(p) be the second derivative of -2*p**3/3 - 3*p**2 + 7*p. Let q be r(-5). Calculate the greatest common factor of q and 98.
14
Let q = 7 + -9. Let u be (q - 1) + 3 + 2. Let x be (-3)/(u + -2 - 1). What is the greatest common divisor of x and 1?
1
Let z = 328 + -196. Let b(r) = -208*r + 1500. Let j be b(7). Calculate the greatest common divisor of j and z.
44
Suppose -140 = -4*i + h, -4*i + h + 35 = -3*i. Let c = -27 + i. Let p = 141 - 53. What is the greatest common factor of p and c?
8
Let q(f) = -f**3 + 4*f**2 - 4*f + 3. Let a be q(2). Let p be (-3 + 5)*-1 - -1. Let s be p + 2 - (-2)/2. Calculate the highest common divisor of a and s.
1
Suppose -12 = -3*o, -o = -2*v - 2*v - 1432. Let w = v + 573. Suppose 4*z = 700 - w. What is the greatest common factor of 11 and z?
11
Let m(o) = 113*o**2 - 22*o - 75. Let z be m(-3). Calculate the highest common factor of z and 24.
24
Let q be (-3 + (-186)/(-18))/((-2)/(-3)). Suppose -60 = -q*k + 6*k. What is the greatest common divisor of k and 108?
12
Let l = -2733 - -2796. Let m be (-2)/3*-12 - 1. What is the greatest common divisor of l and m?
7
Suppose 0*s + 12 = 3*s. Let y be ((-155)/25)/(((-4)/5)/s). What is the highest common factor of 279 and y?
31
Suppose 0 = 50*f - 49*f - 72. Let c be 18/4*12/6. Calculate the highest common divisor of f and c.
9
Let p be 11*72/924 - 757/(-7). What is the greatest common factor of 1 and p?
1
Suppose 86 + 10 = 4*n. Let y be n/(-20)*5/(-3). Suppose 0 = -2*v - y*v + 8. What is the highest common divisor of v and 1?
1
Suppose 6*g = 3*g - 6. Let j be (g + (-10)/(-6))*-12. What is the greatest common divisor of 32 and j?
4
Let f(r) be the second derivative of -r**4/6 - 11*r**3/2 + 9*r**2 - 14*r. Let a be f(-16). Calculate the greatest common divisor of 306 and a.
34
Let n be (3 + 14/(-10))*30. Let t(w) = 2*w - 10. Let z be t(7). Suppose z*j = -r + 66, j - 24 = -j + 4*r. What is the highest common divisor of n and j?
16
Suppose -d + o = -2, -2*o - 11 = 2*d - 7*o. Let n = 30 - d. Calculate the highest common divisor of n and 23.
23
Suppose n - 3 = -2. Let x = 9 - n. Suppose -5*h = 0, x*h - 48 = -4*b + 3*h. Calculate the highest common factor of 3 and b.
3
Let r(g) = 72*g**2 - 138*g**2 - 15*g - 4*g**3 + 5*g**3 + 71*g**2. Let p be r(-7). Calculate the highest common divisor of p and 7.
7
Suppose 0 = -5*l + 30 - 10. Suppose 5 = l*g + z - 31, 0 = 5*g - 2*z - 32. Calculate the greatest common factor of g and 12.
4
Suppose -2*u = -4*a - 16, -5*u = 8*a - 10*a - 24. What is the highest common factor of u and 5?
1
Suppose 2*b = 5*w - 0*w - 150, 3*w + b - 90 = 0. Let q(i) = -i**3 - 8*i**2 - 13*i - 3. Let f be q(-6). What is the greatest common factor of w and f?
3
Suppose 0 = 6*k - 7 - 5. Suppose -2*h + 3*v + 693 = 0, -k*v - 345 = -3*h + 2*h. What is the greatest common divisor of 39 and h?
39
Let v(f) = -4*f**3 + 2*f**2 - 21*f - 9. Let q be v(-5). Calculate the greatest common divisor of q and 34.
34
Let c(m) = 5*m**2 - 46*m + 248. Let j be c(7). Let h = 23 - 4. What is the greatest common divisor of h and j?
19
Let l = 41 + 103. Suppose 0*b - 280 = -4*b. Let w be (3 - 1) + b/5. Calculate the highest common divisor of w and l.
16
Suppose -3*x + 417 = -j, 4*x + 4*j - 170 - 402 = 0. Calculate the greatest common divisor of 28 and x.
28
Suppose 4*f - 172 = 4*q, 2*q = -4*f + 111 + 67. Calculate the highest common factor of 22 and f.
22
Suppose 0 = z - 8 - 1. Suppose -4*r = -5*h + 44, 0*h - 50 = 5*r - 5*h. Let j(b) = -4*b - 6. Let w be j(r). What is the greatest common factor of z and w?
9
Let l be 50 + 0*(-4)/16. Suppose 4*t = -l - 22. Let k be (12/t)/(2/(-330)). Calculate the highest common factor of 22 and k.
22
Suppose -6 - 6 = -4*n. Suppose -d - n*d = -4. Let i be d/((6/(-10))/(-3)). Calculate the highest common divisor of i and 15.
5
Let s = -114 + 166. Let x(v) = 3*v**